{"id":2,"date":"2020-05-01T03:48:00","date_gmt":"2020-05-01T03:48:00","guid":{"rendered":"http:\/\/fachhallenhaus.de\/?page_id=2"},"modified":"2020-09-03T08:19:02","modified_gmt":"2020-09-03T08:19:02","slug":"sample-page","status":"publish","type":"page","link":"https:\/\/www.fachhallenhaus.de\/?page_id=2","title":{"rendered":"Unser Haus"},"content":{"rendered":"\n<p>Unser Haus ist ein Fachhallenhaus, das im Jahre 1824 erbaut wurde.  Zuvor stand dort wohl ein anderes Haus. Ein Teil der alten Balken wurde f\u00fcr den Aufbau unseres Hauses wieder verwendet.<\/p>\n\n\n\n<figure class=\"wp-block-image size-large\"><img loading=\"lazy\" decoding=\"async\" width=\"990\" height=\"743\" src=\"https:\/\/i0.wp.com\/fachhallenhaus.de\/wp-content\/uploads\/2020\/05\/20200328_170243-1024x768.jpg?resize=990%2C743\" alt=\"\" class=\"wp-image-160\" srcset=\"https:\/\/i0.wp.com\/www.fachhallenhaus.de\/wp-content\/uploads\/2020\/05\/20200328_170243-scaled.jpg?resize=1024%2C768&amp;ssl=1 1024w, https:\/\/i0.wp.com\/www.fachhallenhaus.de\/wp-content\/uploads\/2020\/05\/20200328_170243-scaled.jpg?resize=300%2C225&amp;ssl=1 300w, https:\/\/i0.wp.com\/www.fachhallenhaus.de\/wp-content\/uploads\/2020\/05\/20200328_170243-scaled.jpg?resize=768%2C576&amp;ssl=1 768w, https:\/\/i0.wp.com\/www.fachhallenhaus.de\/wp-content\/uploads\/2020\/05\/20200328_170243-scaled.jpg?resize=1536%2C1152&amp;ssl=1 1536w, https:\/\/i0.wp.com\/www.fachhallenhaus.de\/wp-content\/uploads\/2020\/05\/20200328_170243-scaled.jpg?resize=2048%2C1536&amp;ssl=1 2048w, https:\/\/i0.wp.com\/www.fachhallenhaus.de\/wp-content\/uploads\/2020\/05\/20200328_170243-scaled.jpg?resize=755%2C566&amp;ssl=1 755w, https:\/\/i0.wp.com\/www.fachhallenhaus.de\/wp-content\/uploads\/2020\/05\/20200328_170243-scaled.jpg?w=1980&amp;ssl=1 1980w\" sizes=\"(max-width: 990px) 100vw, 990px\" data-recalc-dims=\"1\" \/><figcaption>Die S\u00fcd-Ost Seite unseres Hauses im Fr\u00fchjahr 2020.<\/figcaption><\/figure>\n\n\n\n<div class=\"wp-block-image\"><figure class=\"aligncenter size-large\"><img loading=\"lazy\" decoding=\"async\" width=\"990\" height=\"743\" src=\"https:\/\/i0.wp.com\/fachhallenhaus.de\/wp-content\/uploads\/2020\/04\/1586803585573308-2-1024x768.jpg?resize=990%2C743\" alt=\"\" class=\"wp-image-21\" srcset=\"https:\/\/i0.wp.com\/www.fachhallenhaus.de\/wp-content\/uploads\/2020\/04\/1586803585573308-2.jpg?resize=1024%2C768&amp;ssl=1 1024w, https:\/\/i0.wp.com\/www.fachhallenhaus.de\/wp-content\/uploads\/2020\/04\/1586803585573308-2.jpg?resize=300%2C225&amp;ssl=1 300w, https:\/\/i0.wp.com\/www.fachhallenhaus.de\/wp-content\/uploads\/2020\/04\/1586803585573308-2.jpg?resize=768%2C576&amp;ssl=1 768w, https:\/\/i0.wp.com\/www.fachhallenhaus.de\/wp-content\/uploads\/2020\/04\/1586803585573308-2.jpg?resize=755%2C566&amp;ssl=1 755w, https:\/\/i0.wp.com\/www.fachhallenhaus.de\/wp-content\/uploads\/2020\/04\/1586803585573308-2.jpg?w=1600&amp;ssl=1 1600w\" sizes=\"(max-width: 990px) 100vw, 990px\" data-recalc-dims=\"1\" \/><figcaption>Das Haus von der Nord-West Seite aus der Perspektive unserer vierbeinigen Nachbarn zu Ostern 2020. Hier hat das Backhaus schon sein neues Dach<\/figcaption><\/figure><\/div>\n\n\n\n<p>Im Inneren befand sich ein Caf\u00e9 und auch die Nutzung f\u00fcr Hochzeiten etc. hat dem Haus eine fr\u00f6hliche Atmosph\u00e4re mitgegeben.<\/p>\n\n\n\n<p>Platz ist sowohl auf dem Grundst\u00fcck als auch im Haus reichlich vorhanden. Es gibt wohl wenige Leute, die behaupten k\u00f6nnen, ihr Haus hat eine Grundfl\u00e4che von 528m\u00b2 (33m x 16m). \ud83d\ude09 Wenn es uns dann im Erdgeschoss doch tats\u00e4chlich zu eng werden sollte, k\u00f6nnen wir in den ersten Stock erweitern. Hier findet sich ein beeindruckender Dachboden der Dank der 4 Gauben auch sch\u00f6n hell ist. Mal sehen, was uns hierf\u00fcr so einf\u00e4llt.<\/p>\n\n\n\n<div class=\"wp-block-image\"><figure class=\"aligncenter size-large\"><img loading=\"lazy\" decoding=\"async\" width=\"990\" height=\"743\" src=\"https:\/\/i0.wp.com\/fachhallenhaus.de\/wp-content\/uploads\/2020\/05\/IMG_4636-1024x768.jpg?resize=990%2C743\" alt=\"\" class=\"wp-image-170\" srcset=\"https:\/\/i0.wp.com\/www.fachhallenhaus.de\/wp-content\/uploads\/2020\/05\/IMG_4636-scaled.jpg?resize=1024%2C768&amp;ssl=1 1024w, https:\/\/i0.wp.com\/www.fachhallenhaus.de\/wp-content\/uploads\/2020\/05\/IMG_4636-scaled.jpg?resize=300%2C225&amp;ssl=1 300w, https:\/\/i0.wp.com\/www.fachhallenhaus.de\/wp-content\/uploads\/2020\/05\/IMG_4636-scaled.jpg?resize=768%2C576&amp;ssl=1 768w, https:\/\/i0.wp.com\/www.fachhallenhaus.de\/wp-content\/uploads\/2020\/05\/IMG_4636-scaled.jpg?resize=1536%2C1152&amp;ssl=1 1536w, https:\/\/i0.wp.com\/www.fachhallenhaus.de\/wp-content\/uploads\/2020\/05\/IMG_4636-scaled.jpg?resize=2048%2C1536&amp;ssl=1 2048w, https:\/\/i0.wp.com\/www.fachhallenhaus.de\/wp-content\/uploads\/2020\/05\/IMG_4636-scaled.jpg?resize=755%2C566&amp;ssl=1 755w, https:\/\/i0.wp.com\/www.fachhallenhaus.de\/wp-content\/uploads\/2020\/05\/IMG_4636-scaled.jpg?w=1980&amp;ssl=1 1980w\" sizes=\"(max-width: 990px) 100vw, 990px\" data-recalc-dims=\"1\" \/><\/figure><\/div>\n\n\n\n<p>Neben dem Haupthaus befindet sich noch ein kleines Geb\u00e4ude, das \u00fcber die Jahre als Backhaus, Schweinestall und zuletzt als Verkaufsraum f\u00fcr Antik und Tr\u00f6delwaren genutzt wurde.<\/p>\n\n\n\n<div class=\"wp-block-image\"><figure class=\"aligncenter size-large\"><img loading=\"lazy\" decoding=\"async\" width=\"990\" height=\"869\" src=\"https:\/\/i0.wp.com\/fachhallenhaus.de\/wp-content\/uploads\/2020\/05\/20191220_111133-1024x899.jpg?resize=990%2C869\" alt=\"\" class=\"wp-image-176\" srcset=\"https:\/\/i0.wp.com\/www.fachhallenhaus.de\/wp-content\/uploads\/2020\/05\/20191220_111133-scaled.jpg?resize=1024%2C899&amp;ssl=1 1024w, https:\/\/i0.wp.com\/www.fachhallenhaus.de\/wp-content\/uploads\/2020\/05\/20191220_111133-scaled.jpg?resize=300%2C263&amp;ssl=1 300w, https:\/\/i0.wp.com\/www.fachhallenhaus.de\/wp-content\/uploads\/2020\/05\/20191220_111133-scaled.jpg?resize=768%2C674&amp;ssl=1 768w, https:\/\/i0.wp.com\/www.fachhallenhaus.de\/wp-content\/uploads\/2020\/05\/20191220_111133-scaled.jpg?resize=1536%2C1348&amp;ssl=1 1536w, https:\/\/i0.wp.com\/www.fachhallenhaus.de\/wp-content\/uploads\/2020\/05\/20191220_111133-scaled.jpg?resize=2048%2C1798&amp;ssl=1 2048w, https:\/\/i0.wp.com\/www.fachhallenhaus.de\/wp-content\/uploads\/2020\/05\/20191220_111133-scaled.jpg?w=1980&amp;ssl=1 1980w\" sizes=\"(max-width: 990px) 100vw, 990px\" data-recalc-dims=\"1\" \/><figcaption>Das kleine Nebengeb\u00e4ude alias &#8222;Backhaus&#8220; im Februar 2020. Auf dem Bild tr\u00e4gt das Haus noch seine asbesthaltigen Welleternit-Platten und zeigt seine letzte Nutzung als Verkaufsraum.<\/figcaption><\/figure><\/div>\n\n\n\n<p>Im Buch &#8218;Die Kunstdenkm\u00e4ler des Landes Schleswig-Holstein Kreis Pinneberg&#8216; von Wolfgang Teuchert und Arnold L\u00fchning, Deutscher Kunstverlag 1961, wird der Hof wie folgt beschrieben: <\/p>\n\n\n\n<p>&#8222;Deichreihe. Hof H.W. Baumgarten: Hallenhaus von 11 Fach, erb. 1824. Massive Au\u00dfenw\u00e4nde. Wirtschaftsteil und Wohnteil mit Halbwalm. Breite hohe Diele weitgehend im ursprgl. Zustand. Wohnteil ver\u00e4ndert. Im geraden Sturz der Grootd\u00f6r mit kurzen Kopfb\u00e4ndern eingeschnittende Inschrift (Fraktur): 1606 Mein Gott besch\u00fctz di\u00df Hau\u00df und Land \/ Wehr jede Noth durch deine Hand \/ La\u00df Reliegion und Tugend bl\u00fchn \/ So wirds uns Ewig wohl ergehn Hinrich Baumgarten 1824. &#8211; Die Jahreszahl 1606 bezieht sich wahrscheinlich auf ein \u00e4lteres Geb\u00e4ude, das ursprgl. an dieser Stelle stand.&#8220;<\/p>\n\n\n\n<p>In der Einfahrt zur Diele sind zwei Grabsteine der Familie Baumgarten von 1771 im Pflaster eingelassen, weil auf dem Friedhof in Haseldorf zu seiner Zeit kein Platz mehr war. Und so entschloss man sich damals die Andenken an seine Liebsten zur\u00fcck aufs eigene Grundst\u00fcck zu holen.<\/p>\n","protected":false},"excerpt":{"rendered":"<p>Unser Haus ist ein Fachhallenhaus, das im Jahre 1824 erbaut wurde. Zuvor stand dort wohl ein anderes Haus. Ein Teil &hellip; <span class=\"more-button\"><a href=\"https:\/\/www.fachhallenhaus.de\/?page_id=2\" class=\"more-link\">Continue Reading<span class=\"screen-reader-text\">Unser Haus<\/span><\/a><\/span><\/p>\n","protected":false},"author":1,"featured_media":0,"parent":0,"menu_order":0,"comment_status":"closed","ping_status":"open","template":"","meta":{"footnotes":""},"tags":[],"jetpack_sharing_enabled":true,"_links":{"self":[{"href":"https:\/\/www.fachhallenhaus.de\/index.php?rest_route=\/wp\/v2\/pages\/2"}],"collection":[{"href":"https:\/\/www.fachhallenhaus.de\/index.php?rest_route=\/wp\/v2\/pages"}],"about":[{"href":"https:\/\/www.fachhallenhaus.de\/index.php?rest_route=\/wp\/v2\/types\/page"}],"author":[{"embeddable":true,"href":"https:\/\/www.fachhallenhaus.de\/index.php?rest_route=\/wp\/v2\/users\/1"}],"replies":[{"embeddable":true,"href":"https:\/\/www.fachhallenhaus.de\/index.php?rest_route=%2Fwp%2Fv2%2Fcomments&post=2"}],"version-history":[{"count":11,"href":"https:\/\/www.fachhallenhaus.de\/index.php?rest_route=\/wp\/v2\/pages\/2\/revisions"}],"predecessor-version":[{"id":324,"href":"https:\/\/www.fachhallenhaus.de\/index.php?rest_route=\/wp\/v2\/pages\/2\/revisions\/324"}],"wp:attachment":[{"href":"https:\/\/www.fachhallenhaus.de\/index.php?rest_route=%2Fwp%2Fv2%2Fmedia&parent=2"}],"wp:term":[{"taxonomy":"post_tag","embeddable":true,"href":"https:\/\/www.fachhallenhaus.de\/index.php?rest_route=%2Fwp%2Fv2%2Ftags&post=2"}],"curies":[{"name":"wp","href":"https:\/\/api.w.org\/{rel}","templated":true}]}}